351?
1
What is the hundred thousands digit of 5724208?
7
What is the units digit of 53973?
3
What is the ten thousands digit of 7692904?
9
What is the ten thousands digit of 331261?
3
What is the ten thousands digit of 25004545?
0
What is the units digit of 187867?
7
What is the ten thousands digit of 497291?
9
What is the units digit of 3434659?
9
What is the tens digit of 90665?
6
What is the thousands digit of 5432538?
2
What is the tens digit of 1557929?
2
What is the thousands digit of 1734061?
4
What is the hundreds digit of 3136?
1
What is the tens digit of 231295?
9
What is the hundreds digit of 1388834?
8
What is the hundred thousands digit of 252420?
2
What is the hundred thousands digit of 23628124?
6
What is the hundreds digit of 1837265?
2
What is the thousands digit of 2306359?
6
What is the hundred thousands digit of 1243082?
2
What is the millions digit of 2368423?
2
What is the hundreds digit of 399047?
0
What is the thousands digit of 210185?
0
What is the hundred thousands digit of 6996997?
9
What is the ten thousands digit of 1091304?
9
What is the tens digit of 7219789?
8
What is the ten millions digit of 10826656?
1
What is the hundred thousands digit of 2005078?
0
What is the ten thousands digit of 1141659?
4
What is the hundred thousands digit of 295421?
2
What is the hundreds digit of 2801?
8
What is the ten thousands digit of 612725?
1
What is the hundreds digit of 1452958?
9
What is the hundred thousands digit of 220604?
2
What is the millions digit of 3746756?
3
What is the tens digit of 458597?
9
What is the ten thousands digit of 11376930?
7
What is the tens digit of 9878242?
4
What is the thousands digit of 2449163?
9
What is the hundreds digit of 1280682?
6
What is the ten thousands digit of 258678?
5
What is the ten thousands digit of 9899266?
9
What is the units digit of 374867?
7
What is the hundreds digit of 308070?
0
What is the hundreds digit of 90959?
9
What is the thousands digit of 2708953?
8
What is the millions digit of 11155722?
1
What is the tens digit of 252549?
4
What is the units digit of 29904874?
4
What is the tens digit of 8146692?
9
What is the hundred thousands digit of 790594?
7
What is the hundred thousands digit of 281094?
2
What is the units digit of 9960473?
3
What is the thousands digit of 6528792?
8
What is the units digit of 2107549?
9
What is the units digit of 28762?
2
What is the hundreds digit of 1152169?
1
What is the units digit of 787210?
0
What is the millions digit of 4365873?
4
What is the ten thousands digit of 3169445?
6
What is the tens digit of 6710615?
1
What is the hundreds digit of 76102?
1
What is the thousands digit of 67259?
7
What is the hundreds digit of 12182125?
1
What is the hundred thousands digit of 1357252?
3
What is the millions digit of 1838267?
1
What is the thousands digit of 2018907?
8
What is the ten thousands digit of 319606?
1
What is the units digit of 218196?
6
What is the hundreds digit of 5325118?
1
What is the tens digit of 263789?
8
What is the tens digit of 13157689?
8
What is the thousands digit of 222073?
2
What is the thousands digit of 289785?
9
What is the hundreds digit of 878599?
5
What is the thousands digit of 95028?
5
What is the ten thousands digit of 472310?
7
What is the units digit of 1941182?
2
What is the millions digit of 1926961?
1
What is the thousands digit of 9258223?
8
What is the hundred thousands digit of 35470339?
4
What is the ten thousands digit of 235057?
3
What is the thousands digit of 2218853?
8
What is the millions digit of 1075174?
1
What is the hundred thousands digit of 3623842?
6
What is the millions digit of 2328736?
2
What is the thousands digit of 143590?
3
What is the millions digit of 3792249?
3
What is the tens digit of 2309?
0
What is the hundred thousands digit of 208887?
2
What is the hundreds digit of 52209?
2
What is the ten thousands digit of 14523?
1
What is the tens digit of 510625?
2
What is the millions digit of 2494226?
2
What is the tens digit of 98847?
4
What is the thousands digit of 181580?
1
What is the thousands digit of 4359177?
9
What is the thousands digit of 376031?
6
What is the ten thousands digit of 270403?
7
What is the hundreds digit of 725336?
3
What is the tens digit of 409790?
9
What is the hundreds digit of 2442045?
0
What is the units digit of 562796?
6
What is the tens digit of 288686?
8
What is the thousands digit of 344195?
4
What is the hundred thousands digit of 831782?
8
What is the tens digit of 369429?
2
What is the ten thousands digit of 934854?
3
What is the thousands digit of 41758124?
8
What is the units digit of 246955?
5
What is the thousands digit of 5822?
5
What is the hundreds digit of 866939?
9
What is the tens digit of 377258?
5
What is the hundred thousands digit of 510412?
5
What is the units digit of 4239999?
9
What is the thousands digit of 33590?
3
What is the millions digit of 1798275?
1
What is the hundreds digit of 196169?
1
What is the units digit of 346161?
1
What is the units digit of 5219?
9
What is the thousands digit of 7390422?
0
What is the hundreds digit of 401787?
7
What is the hundred thousands digit of 629644?
6
What is the thousands digit of 15749906?
9
What is the units digit of 23469783?
3
What is the tens digit of 1016289?
8
What is the hundred thousands digit of 8524237?
5
What is the thousands digit of 20478893?
8
What is the units digit of 16762?
2
What is the ten thousands digit of 79098?
7
What is the hundreds digit of 5194427?
4
What is the hundreds digit of 492327?
3
What is the thousands digit of 3498877?
8
What is the hundred thousands digit of 114394?
1
What is the units digit of 842322?
2
What is the ten thousands digit of 7471175?
7
What is the thousands digit of 11109769?
9
What is the tens digit of 1862390?
9
What is the thousands digit of 76296?
6
What is the millions digit of 4515595?
4
What is the units digit of 965026?
6
What is the millions digit of 1253022?
1
What is the tens digit of 5280332?
3
What is the ten thousands digit of 168133?
6
What is the millions digit of 4187577?
4
What is the ten thousands digit of 15107?
1
What is the units digit of 6414119?
9
What is the ten millions digit of 11690456?
1
What is the units digit of 76566?
6
What is the ten thousands digit of 13910?
1
What is the thousands digit of 16389093?
9
What is the millions digit of 2955602?
2
What is the units digit of 785683?
3
What is the units digit of 3287371?
1
What is the millions digit of 2623885?
2
What is the units digit of 451331?
1
What is the ten thousands digit of 6876747?
7
What is the hundreds digit of 17969629?
6
What is the ten thousands digit of 14234?
1
What is the tens digit of 276988?
8
What is the tens digit of 131153?
5
What is the ten thousands digit of 2436022?
3
What is the millions digit of 1365717?
1
What is the tens digit of 8417219?
1
What is the units digit of 11099079?
9
What is the tens digit of 2009567?
6
What is the tens digit of 141936?
3
What is the hundred thousands digit of 3544098?
5
What is the tens digit of 74186?
8
What is the hundred thousands digit of 2451124?
4
What is the units digit of 3835963?
3
What is the tens digit of 359388?
8
What is the units digit of 229618?
8
What is the units digit of 595429?
9
What is the hundred thousands digit of 25439617?
4
What is the ten millions digit of 14278875?
1
What is the units digit of 16817232?
2
What is the ten thousands digit of 4684210?
8
What is the ten thousands digit of 582903?
8
What is the hundred thousands digit of 312538?
3
What is the tens digit of 15704120?
2
What is the ten thousands digit of 471171?
7
What is the hundreds digit of 997580?
5
What is the hundreds digit of 6980566?
5
What is the ten thousands digit of 7607731?
0
What is the units digit of 269029?
9
What is the tens digit of 1753?
5
What is the hundred thousands digit of 115245?
1
What is the hundreds digit of 2915270?
2
What is the ten thousands digit of 314845?
1
What is the millions digit of 18280402?
8
What is the hundred thousands digit of 547886?
5
What is the ten thousands digit of 4314330?
1
What is the thousands digit of 152540?
2
What is the units digit of 6464292?
2
What is the units digit of 268372?
2
What is the thousands digit of 5028112?
8
What is th